205*p - 449. Give b(-66).
13
Let i(r) = 36*r**2 + 39*r - 71. Determine i(3).
370
Let n(r) = 2784*r + 2789. Give n(-1).
5
Let r(c) = -c**2 + 2160*c - 101370. What is r(48)?
6
Let n(s) = 36*s - 219. Determine n(7).
33
Let o(h) = 3*h + 169. Determine o(-39).
52
Let f(c) = -1337*c - 72187. What is f(-54)?
11
Let s(w) = -w**2 - 7*w + 166. Give s(-17).
-4
Let d(l) = l**3 + 12*l**2 + 8*l + 13. Give d(-10).
133
Let s(c) = c**2 - 138*c + 1183. What is s(9)?
22
Let s(w) = w**3 - 43*w**2 + 191*w - 154. Give s(4).
-14
Let b(t) = -3*t**3 + 71*t**2 - 42*t - 80. Give b(23).
12
Let j(z) = -z**3 + 18*z**2 + 251*z + 34. Determine j(-9).
-38
Let h(j) = j**3 - 13*j**2 - 56*j + 105. Calculate h(16).
-23
Let f(p) = p**3 + 12*p**2 - 10*p - 3. Give f(-13).
-42
Let o(v) = v**2 + 65*v - 81. What is o(-66)?
-15
Let q(w) = w**2 - 31*w + 40. What is q(29)?
-18
Let m(a) = 20*a**3 - 3*a**2 + 14*a - 11. Give m(2).
165
Let p(c) = 7*c - 346. Determine p(47).
-17
Let f(u) = -2*u**3 + 2*u**2 - 9*u + 19. Give f(3).
-44
Let d(t) = -t**3 - 25*t**2 - 53*t - 1333. Give d(-25).
-8
Let g(d) = 91*d - 329. What is g(4)?
35
Let j(v) = -2*v**2 - 22*v + 77. What is j(-15)?
-43
Let o(q) = -2*q**2 - 135*q - 1827. Determine o(-19).
16
Let l(i) = 13*i**2 - 2*i. What is l(-1)?
15
Let i(p) = 20*p + 33. Calculate i(0).
33
Let y(o) = 3*o**3 - 12*o**2 - 100*o + 7. Calculate y(-6).
-473
Let m(b) = -41655*b - 83306. Determine m(-2).
4
Let o(v) = 112*v**2 + 1124*v + 21. Calculate o(-10).
-19
Let z(p) = 3*p**2 - 73*p + 286. What is z(19)?
-18
Let l(o) = 4*o**2 - 70*o - 57. What is l(20)?
143
Let i(r) = r**2 - 284*r - 4470. Give i(-15).
15
Let z(o) = -3*o - 43. Give z(11).
-76
Let r(k) = -49*k + 1046. Give r(22).
-32
Let k(z) = -206*z**2 + 37083*z - 545. Calculate k(180).
-5
Let i(j) = -2*j**2 + 523*j + 7733. Determine i(-14).
19
Let p(g) = g**2 - 49*g + 364. Determine p(28).
-224
Let y(l) = 15*l**2 + 218*l + 115. Calculate y(-14).
3
Let f(d) = 4458*d - 13373. Determine f(3).
1
Let l(m) = -m**2 - m + 18. Determine l(6).
-24
Let p(o) = o**2 + 8*o - 496. Determine p(-27).
17
Let x(a) = 115*a + 253. Give x(-2).
23
Let t(l) = -28*l - 270. Give t(-10).
10
Let h(o) = -11*o - 450. Calculate h(-41).
1
Let l(k) = 11*k - 6. Give l(8).
82
Let z(t) = -t**3 - 173*t**2 + 1451*t + 626. What is z(-181)?
83
Let r(c) = 24*c + 689. What is r(-39)?
-247
Let u(d) = -d**3 + 17*d**2 + 66*d - 126. Give u(20).
-6
Let j(p) = p**3 + 14*p**2 - 22*p + 22. What is j(-16)?
-138
Let k(z) = 31*z + 609. Give k(-20).
-11
Let n(f) = -2*f**3 - 182*f**2 - 352*f + 377. Give n(-89).
21
Let k(x) = x**2 - 10*x - 102. What is k(16)?
-6
Let r(l) = 4*l**2 - 236*l - 284. Determine r(60).
-44
Let d(z) = z**2 + 324*z - 632. Determine d(2).
20
Let d(x) = 3757*x + 30064. Give d(-8).
8
Let c(b) = -b**3 - 82*b**2 + 32*b + 2629. What is c(-82)?
5
Let j(i) = i**2 + 7*i - 124. What is j(-18)?
74
Let o(r) = -5427*r - 37983. Determine o(-7).
6
Let g(w) = 4*w**3 + 63*w**2 + 33*w - 40. What is g(-15)?
140
Let a(p) = 20*p - 41. Calculate a(-7).
-181
Let s(d) = 8*d**2 + 3*d + 89. Determine s(-7).
460
Let a(h) = 3*h**2 + 108*h + 16. Determine a(-36).
16
Let c(o) = o**3 + 129*o**2 + 522*o + 34046. Give c(-127).
10
Let q(v) = -25*v**2 + 55*v + 54. What is q(-1)?
-26
Let c(f) = 206*f + 197. Calculate c(-1).
-9
Let r(p) = -2*p**2 + 3*p + 14. What is r(-8)?
-138
Let r(p) = -254*p - 1425. Determine r(-6).
99
Let q(m) = -m**3 + 77*m**2 + 236*m + 256. What is q(80)?
-64
Let l(x) = -3*x**2 - 40*x - 174. Give l(-4).
-62
Let u(r) = -3*r**2 - 350*r + 868. Determine u(-119).
35
Let u(t) = 4*t - 15. Calculate u(-4).
-31
Let w(y) = 2*y**3 + 5*y**2 - 3*y. Give w(2).
30
Let o(c) = 187*c - 177. What is o(1)?
10
Let y(o) = 8*o + 23. Determine y(-15).
-97
Let v(j) = 13*j - 72. Give v(0).
-72
Let o(i) = 3*i**3 + 227*i**2 - 307*i + 35. Give o(-77).
-42
Let i(t) = t**2 - 189*t + 1047. Give i(6).
-51
Let o(d) = -53*d + 225. What is o(4)?
13
Let h(w) = 106*w**2 + 428*w + 1. Determine h(-4).
-15
Let i(v) = v**3 - 109*v**2 + 3*v - 340. Give i(109).
-13
Let s(y) = 29*y - 222. What is s(7)?
-19
Let u(g) = -61*g**2 - 1713*g - 139. Determine u(-28).
1
Let s(c) = -732*c + 2221. Calculate s(3).
25
Let h(z) = -z**3 - 9*z**2 - 28*z - 23. Calculate h(-10).
357
Let o(a) = 162*a + 1751. What is o(-10)?
131
Let b(i) = 2*i**3 - 14*i**2 + 68*i - 330. Determine b(6).
6
Let d(k) = k**3 - 18*k**2 + 69*k - 179. Give d(14).
3
Let j(f) = -2*f**2 + 750*f + 8392. Calculate j(-11).
-100
Let q(h) = 1051*h - 7383. What is q(7)?
-26
Let c(m) = -9*m - 217. Determine c(-24).
-1
Let r(w) = -76*w - 2200. Give r(-29).
4
Let f(k) = -12*k**2 + 1328*k + 495. Give f(111).
51
Let b(r) = 10*r**2 + 137*r + 527. Determine b(-4).
139
Let r(v) = -711*v - 2748. Calculate r(-4).
96
Let b(w) = 2*w**3 - 92*w**2 + 29*w - 171. Calculate b(46).
1163
Let m(i) = -8*i**2 - 295*i - 295. Calculate m(-1).
-8
Let q(l) = l**3 + 7*l**2 + 44*l + 68. Give q(-2).
0
Let c(u) = u**2 + 15*u + 88. Give c(-8).
32
Let v(n) = -n**3 - 57*n**2 - 109*n + 7. Give v(-2).
5
Let h(y) = -7*y**2 + 32*y - 50. What is h(2)?
-14
Let t(q) = q**2 - 103*q + 140. What is t(0)?
140
Let j(k) = -2*k**2 + 29*k - 41. Calculate j(13).
-2
Let h(o) = 24*o + 667. Calculate h(-21).
163
Let p(o) = -o**3 + 4*o**2 - 65*o - 252. What is p(-3)?
6
Let m(p) = -94*p - 6116. Give m(-65).
-6
Let m(p) = -p**3 - 68*p**2 + 193. Give m(-68).
193
Let o(l) = -l**2 - 17*l + 133. Give o(6).
-5
Let n(k) = 5*k**2 + 665*k + 11310. Calculate n(-113).
10
Let p(n) = -19*n**2 + 24*n + 39. Calculate p(-2).
-85
Let g(s) = -288*s - 327. Determine g(-1).
-39
Let c(d) = -33*d - 419. Give c(-12).
-23
Let i(c) = 3*c**3 - c**2 - 7*c + 4. Calculate i(3).
55
Let r(i) = i**2 + 69*i + 1148. Determine r(-27).
14
Let n(b) = b**3 - 31*b**2 + 28*b + 61. Determine n(30).
1
Let v(j) = 34*j**2 + 9*j - 16. Determine v(-3).
263
Let w(r) = r**3 - 10*r**2 - 10*r + 16. Give w(6).
-188
Let d(b) = -203*b + 970. Determine d(5).
-45
Let h(y) = -y**3 - 23*y**2 - 72*y + 1. Give h(-11).
-659
Let j(r) = -12*r**2 - 6*r + 8. Give j(3).
-118
Let u(o) = -17*o + 1683. Calculate u(100).
-17
Let w(z) = z**3 + 7*z**2 + 29*z + 170. Calculate w(-7).
-33
Let h(v) = -104*v + 121. Calculate h(4).
-295
Let u(f) = -147*f + 750. What is u(5)?
15
Let n(g) = -g**2 - g + 27. What is n(3)?
15
Let l(m) = -27*m**2 - 19*m - 5. What is l(-2)?
-75
Let a(n) = -12445*n - 49785. Calculate a(-4).
-5
Let s(z) = z**3 - 15*z**2 - 12*z - 39. Determine s(16).
25
Let i(m) = -60*m + 14287. Give i(238).
7
Let a(y) = -6*y**3 + 58*y**2 - 118*y - 5. Give a(3).
1
Let p(w) = -206*w + 1250. Give p(7).
-192
Let w(k) = -k**2 - 34*k - 21. Calculate w(-28).
147
Let f(w) = w**3 + 7*w**2 - 19*w - 112. What is f(-5)?
33
Let j(y) = -2*y**3 + 6*y**2 - 9*y + 58. Give j(5).
-87
Let u(l) = 2313*l - 32361. Calculate u(14).
21
Let y(c) = c**3 + 9*c**2 - c + 82. Calculate y(-10).
-8
Let j(p) = -3*p**3 + 50*p**2 + 14*p + 22. What is j(17)?
-29
Let n(b) = b**3 + 59*b**2 + 69*b + 751. Calculate n(-58).
113
Let g(r) = -166*r - 265. Calculate g(4).
-929
Let z(g) = -2*g**3 - 92*g**2 - 99*g + 14. Give z(-45).
419
Let t(g) = -48*g + 1010. What is t(23)?
-94
Let r(m) = -m**2 + 11*m + 61. Calculate r(17).
-41
Let i(j) = 2*j**3 - 262*j**2 - 265*j + 52. Give i(132).
-80
Let q(h) = -819*h - 10675. Give q(-13).
-28
Let b(a) = 136*a - 6201. What is b(46)?
55
Let v(d) = -21*d**2 + 349*d + 136. What is v(17)?
0
Let i(n) = 7*n - 89. What is i(18)?
37
Let q(g) = 3*g**2 + 67*g + 135. Give q(-17).
-137
Let j(u) = -5*u**2 + 6*u - 90. Give j(6).
-234
Let w(a) = -a**3 - 43*a**2 - 28*a - 409. What is w(-43)?
795
Let a(h) = 2*h**3 - 16*h + 10. What is a(6)?
346
Let f(o) = -o**3 - 7*o**2 + 32*o + 9. What is f(6)?
-267
Let a(z) = -2*z**2 + 97*z - 125. What is a(39)?
616
Let n(a) = a**3 + 19*a**2 - 20*a - 68. Give n(-20).
-68
Let q(z) = -20*z**2 + 1241*z - 63. Give q(62).
-1
Let n(w) = 672*w - 27556. What is n(41)?
-4
Let i(g) = -g**3 - 21*g**2 + 102*g - 79. Calculate i(3).
11
Let j(o) = -o**2 - 26*o - 101. Calculate j(-5).
4
Let m(w) = 52*w**2 + 54*w. What is m(-1)?
-2
Let b(l) = 2*l**3 - 41*l**2 - 66*l + 41. Calculate b(22).
41
Let p(n) = -396*n + 6744. Calculate p(17).
12
Let i(l) = 134*l + 843. Calculate i(-7).
-95
Let m(f) = 2*f**2 + 2*f - 44. Determine m(4).
-4
Let x(h) = h**3 - 38*h**2 - 1491*h + 172. Give x(62)